{"id":753,"date":"2021-07-11T15:18:38","date_gmt":"2021-07-11T13:18:38","guid":{"rendered":"https:\/\/www.flohmarktboro.de\/?page_id=753"},"modified":"2024-10-18T11:07:01","modified_gmt":"2024-10-18T09:07:01","slug":"dankeschoen","status":"publish","type":"page","link":"https:\/\/www.flohmarktboro.de\/index.php\/dankeschoen\/","title":{"rendered":"Dankesch\u00f6n"},"content":{"rendered":"\n<p>Wir sagen Danke an alle Teilnehmenden. Rund 160 H\u00f6fe haben letztes Jahr teilgenommen. Wir hoffen, es hat euch genau so viel Spa\u00df gemacht, wie uns!<\/p>\n\n\n\n<p>Wir bedanken uns auch bei allen Spendern, die unsere Sammelaktion f\u00fcr den Gnadenhof in Worms <a href=\"https:\/\/www.flohmarktboro.de\/index.php\/spenden\/\">finanziell unterst\u00fctzt<\/a> haben! Die Betreiberin Carry Lerch hat sich sehr \u00fcber die insgesamt 400 Euro der beiden Hofflohm\u00e4rkte gefreut.<\/p>\n\n\n\n<p>&#8222;Es war sehr sch\u00f6n, durchs Dorf zu fahren, die sch\u00f6ne Stimmung zu sp\u00fcren, alles bunt dekoriert zu sehen und vor allem mit vielen motivierten Teilnehmern zu sprechen =)&#8220;<\/p>\n\n\n\n<p>Hier ein paar Eindr\u00fccke von uns. Wer uns Fotos zur Ver\u00f6ffentlichung auf dieser Seite schicken mag, kann das gerne tun: <a href=\"mailto:orgahofflohmarktboro@web.de\">orgahofflohmarktboro@web.de<\/a><\/p>\n\n\n<div class=\"wp-block-image\">\n<figure class=\"aligncenter size-large\"><img loading=\"lazy\" decoding=\"async\" width=\"1024\" height=\"678\" src=\"https:\/\/www.flohmarktboro.de\/wp-content\/uploads\/2023\/03\/DSC_0010-1024x678.jpg\" alt=\"\" class=\"wp-image-1345\" srcset=\"https:\/\/www.flohmarktboro.de\/wp-content\/uploads\/2023\/03\/DSC_0010-1024x678.jpg 1024w, https:\/\/www.flohmarktboro.de\/wp-content\/uploads\/2023\/03\/DSC_0010-300x199.jpg 300w, https:\/\/www.flohmarktboro.de\/wp-content\/uploads\/2023\/03\/DSC_0010-768x509.jpg 768w, https:\/\/www.flohmarktboro.de\/wp-content\/uploads\/2023\/03\/DSC_0010-1536x1017.jpg 1536w, https:\/\/www.flohmarktboro.de\/wp-content\/uploads\/2023\/03\/DSC_0010-2048x1357.jpg 2048w, https:\/\/www.flohmarktboro.de\/wp-content\/uploads\/2023\/03\/DSC_0010-1140x755.jpg 1140w\" sizes=\"auto, (max-width: 1024px) 100vw, 1024px\" \/><\/figure><\/div>\n\n\n<div style=\"height:47px\" aria-hidden=\"true\" class=\"wp-block-spacer\"><\/div>\n\n\n\n<figure class=\"wp-block-gallery has-nested-images columns-default is-cropped wp-block-gallery-1 is-layout-flex wp-block-gallery-is-layout-flex\">\n<figure class=\"wp-block-image size-large\"><img loading=\"lazy\" decoding=\"async\" width=\"597\" height=\"1024\" data-id=\"769\" src=\"https:\/\/www.flohmarktboro.de\/wp-content\/uploads\/2021\/07\/bunteLuftballons-2-597x1024.jpg\" alt=\"\" class=\"wp-image-769\" srcset=\"https:\/\/www.flohmarktboro.de\/wp-content\/uploads\/2021\/07\/bunteLuftballons-2-597x1024.jpg 597w, https:\/\/www.flohmarktboro.de\/wp-content\/uploads\/2021\/07\/bunteLuftballons-2-175x300.jpg 175w, https:\/\/www.flohmarktboro.de\/wp-content\/uploads\/2021\/07\/bunteLuftballons-2-768x1318.jpg 768w, https:\/\/www.flohmarktboro.de\/wp-content\/uploads\/2021\/07\/bunteLuftballons-2-895x1536.jpg 895w, https:\/\/www.flohmarktboro.de\/wp-content\/uploads\/2021\/07\/bunteLuftballons-2.jpg 909w\" sizes=\"auto, (max-width: 597px) 100vw, 597px\" \/><\/figure>\n\n\n\n<figure class=\"wp-block-image size-large\"><img loading=\"lazy\" decoding=\"async\" width=\"544\" height=\"1024\" data-id=\"770\" src=\"https:\/\/www.flohmarktboro.de\/wp-content\/uploads\/2021\/07\/geilerscheissbesterpreis-2-544x1024.jpg\" alt=\"\" class=\"wp-image-770\" srcset=\"https:\/\/www.flohmarktboro.de\/wp-content\/uploads\/2021\/07\/geilerscheissbesterpreis-2-544x1024.jpg 544w, https:\/\/www.flohmarktboro.de\/wp-content\/uploads\/2021\/07\/geilerscheissbesterpreis-2-159x300.jpg 159w, https:\/\/www.flohmarktboro.de\/wp-content\/uploads\/2021\/07\/geilerscheissbesterpreis-2-768x1445.jpg 768w, https:\/\/www.flohmarktboro.de\/wp-content\/uploads\/2021\/07\/geilerscheissbesterpreis-2-816x1536.jpg 816w, https:\/\/www.flohmarktboro.de\/wp-content\/uploads\/2021\/07\/geilerscheissbesterpreis-2.jpg 840w\" sizes=\"auto, (max-width: 544px) 100vw, 544px\" \/><\/figure>\n\n\n\n<figure class=\"wp-block-image size-large\"><img loading=\"lazy\" decoding=\"async\" width=\"407\" height=\"1024\" data-id=\"771\" src=\"https:\/\/www.flohmarktboro.de\/wp-content\/uploads\/2021\/07\/hofflohmarktschildschoeneschrift-3-407x1024.jpg\" alt=\"\" class=\"wp-image-771\" srcset=\"https:\/\/www.flohmarktboro.de\/wp-content\/uploads\/2021\/07\/hofflohmarktschildschoeneschrift-3-407x1024.jpg 407w, https:\/\/www.flohmarktboro.de\/wp-content\/uploads\/2021\/07\/hofflohmarktschildschoeneschrift-3-119x300.jpg 119w, https:\/\/www.flohmarktboro.de\/wp-content\/uploads\/2021\/07\/hofflohmarktschildschoeneschrift-3-611x1536.jpg 611w, https:\/\/www.flohmarktboro.de\/wp-content\/uploads\/2021\/07\/hofflohmarktschildschoeneschrift-3.jpg 636w\" sizes=\"auto, (max-width: 407px) 100vw, 407px\" \/><\/figure>\n<\/figure>\n\n\n\n<div style=\"height:35px\" aria-hidden=\"true\" class=\"wp-block-spacer\"><\/div>\n\n\n\n<figure class=\"wp-block-gallery has-nested-images columns-default is-cropped wp-block-gallery-2 is-layout-flex wp-block-gallery-is-layout-flex\">\n<figure class=\"wp-block-image size-large\"><img loading=\"lazy\" decoding=\"async\" width=\"1024\" height=\"533\" data-id=\"756\" src=\"https:\/\/www.flohmarktboro.de\/wp-content\/uploads\/2021\/07\/flohmarktkreideboden-1024x533.jpg\" alt=\"\" class=\"wp-image-756\" srcset=\"https:\/\/www.flohmarktboro.de\/wp-content\/uploads\/2021\/07\/flohmarktkreideboden-1024x533.jpg 1024w, https:\/\/www.flohmarktboro.de\/wp-content\/uploads\/2021\/07\/flohmarktkreideboden-300x156.jpg 300w, https:\/\/www.flohmarktboro.de\/wp-content\/uploads\/2021\/07\/flohmarktkreideboden-768x400.jpg 768w, https:\/\/www.flohmarktboro.de\/wp-content\/uploads\/2021\/07\/flohmarktkreideboden-1200x624.jpg 1200w, https:\/\/www.flohmarktboro.de\/wp-content\/uploads\/2021\/07\/flohmarktkreideboden.jpg 1459w\" sizes=\"auto, (max-width: 1024px) 100vw, 1024px\" \/><\/figure>\n\n\n\n<figure class=\"wp-block-image size-large\"><img loading=\"lazy\" decoding=\"async\" width=\"1024\" height=\"694\" data-id=\"758\" src=\"https:\/\/www.flohmarktboro.de\/wp-content\/uploads\/2021\/07\/flohmarktschildbunt2-1024x694.jpg\" alt=\"\" class=\"wp-image-758\" srcset=\"https:\/\/www.flohmarktboro.de\/wp-content\/uploads\/2021\/07\/flohmarktschildbunt2-1024x694.jpg 1024w, https:\/\/www.flohmarktboro.de\/wp-content\/uploads\/2021\/07\/flohmarktschildbunt2-300x203.jpg 300w, https:\/\/www.flohmarktboro.de\/wp-content\/uploads\/2021\/07\/flohmarktschildbunt2-768x520.jpg 768w, https:\/\/www.flohmarktboro.de\/wp-content\/uploads\/2021\/07\/flohmarktschildbunt2-1536x1040.jpg 1536w, https:\/\/www.flohmarktboro.de\/wp-content\/uploads\/2021\/07\/flohmarktschildbunt2-1200x813.jpg 1200w, https:\/\/www.flohmarktboro.de\/wp-content\/uploads\/2021\/07\/flohmarktschildbunt2.jpg 1590w\" sizes=\"auto, (max-width: 1024px) 100vw, 1024px\" \/><\/figure>\n<\/figure>\n\n\n\n<div style=\"height:42px\" aria-hidden=\"true\" class=\"wp-block-spacer\"><\/div>\n\n\n<div class=\"wp-block-image\">\n<figure class=\"aligncenter size-large\"><img loading=\"lazy\" decoding=\"async\" width=\"1024\" height=\"577\" src=\"https:\/\/www.flohmarktboro.de\/wp-content\/uploads\/2023\/03\/20220618_084940-1024x577.jpg\" alt=\"\" class=\"wp-image-1344\" srcset=\"https:\/\/www.flohmarktboro.de\/wp-content\/uploads\/2023\/03\/20220618_084940-1024x577.jpg 1024w, https:\/\/www.flohmarktboro.de\/wp-content\/uploads\/2023\/03\/20220618_084940-300x169.jpg 300w, https:\/\/www.flohmarktboro.de\/wp-content\/uploads\/2023\/03\/20220618_084940-768x433.jpg 768w, https:\/\/www.flohmarktboro.de\/wp-content\/uploads\/2023\/03\/20220618_084940-1536x865.jpg 1536w, https:\/\/www.flohmarktboro.de\/wp-content\/uploads\/2023\/03\/20220618_084940-2048x1153.jpg 2048w, https:\/\/www.flohmarktboro.de\/wp-content\/uploads\/2023\/03\/20220618_084940-1140x642.jpg 1140w\" sizes=\"auto, (max-width: 1024px) 100vw, 1024px\" \/><\/figure><\/div>\n\n\n<div style=\"height:40px\" aria-hidden=\"true\" class=\"wp-block-spacer\"><\/div>\n\n\n\n<figure class=\"wp-block-gallery has-nested-images columns-default is-cropped wp-block-gallery-3 is-layout-flex wp-block-gallery-is-layout-flex\">\n<figure class=\"wp-block-image size-large\"><img loading=\"lazy\" decoding=\"async\" width=\"862\" height=\"1024\" data-id=\"772\" src=\"https:\/\/www.flohmarktboro.de\/wp-content\/uploads\/2021\/07\/hofflohmarktbannerbunt-2-862x1024.jpg\" alt=\"\" class=\"wp-image-772\" srcset=\"https:\/\/www.flohmarktboro.de\/wp-content\/uploads\/2021\/07\/hofflohmarktbannerbunt-2-862x1024.jpg 862w, https:\/\/www.flohmarktboro.de\/wp-content\/uploads\/2021\/07\/hofflohmarktbannerbunt-2-252x300.jpg 252w, https:\/\/www.flohmarktboro.de\/wp-content\/uploads\/2021\/07\/hofflohmarktbannerbunt-2-768x913.jpg 768w, https:\/\/www.flohmarktboro.de\/wp-content\/uploads\/2021\/07\/hofflohmarktbannerbunt-2.jpg 1185w\" sizes=\"auto, (max-width: 862px) 100vw, 862px\" \/><\/figure>\n<\/figure>\n","protected":false},"excerpt":{"rendered":"<p>Wir sagen Danke an alle Teilnehmenden. Rund 160 H\u00f6fe haben letztes Jahr teilgenommen. Wir hoffen, es hat euch genau so viel Spa\u00df gemacht, wie uns! Wir bedanken uns auch bei allen Spendern, die unsere Sammelaktion f\u00fcr den Gnadenhof in Worms finanziell unterst\u00fctzt haben! Die Betreiberin Carry Lerch hat sich sehr \u00fcber die insgesamt 400 Euro der beiden Hofflohm\u00e4rkte gefreut. &#8222;Es war sehr sch\u00f6n, durchs Dorf zu fahren, die sch\u00f6ne Stimmung zu sp\u00fcren, alles bunt dekoriert zu sehen und vor allem mit vielen motivierten Teilnehmern zu sprechen =)&#8220; Hier ein paar Eindr\u00fccke von uns. Wer uns Fotos zur Ver\u00f6ffentlichung auf dieser Seite schicken mag, kann das gerne tun: orgahofflohmarktboro@web.de<\/p>\n","protected":false},"author":1,"featured_media":0,"parent":0,"menu_order":0,"comment_status":"closed","ping_status":"closed","template":"","meta":{"footnotes":""},"class_list":["post-753","page","type-page","status-publish","hentry"],"_links":{"self":[{"href":"https:\/\/www.flohmarktboro.de\/index.php\/wp-json\/wp\/v2\/pages\/753","targetHints":{"allow":["GET"]}}],"collection":[{"href":"https:\/\/www.flohmarktboro.de\/index.php\/wp-json\/wp\/v2\/pages"}],"about":[{"href":"https:\/\/www.flohmarktboro.de\/index.php\/wp-json\/wp\/v2\/types\/page"}],"author":[{"embeddable":true,"href":"https:\/\/www.flohmarktboro.de\/index.php\/wp-json\/wp\/v2\/users\/1"}],"replies":[{"embeddable":true,"href":"https:\/\/www.flohmarktboro.de\/index.php\/wp-json\/wp\/v2\/comments?post=753"}],"version-history":[{"count":26,"href":"https:\/\/www.flohmarktboro.de\/index.php\/wp-json\/wp\/v2\/pages\/753\/revisions"}],"predecessor-version":[{"id":1673,"href":"https:\/\/www.flohmarktboro.de\/index.php\/wp-json\/wp\/v2\/pages\/753\/revisions\/1673"}],"wp:attachment":[{"href":"https:\/\/www.flohmarktboro.de\/index.php\/wp-json\/wp\/v2\/media?parent=753"}],"curies":[{"name":"wp","href":"https:\/\/api.w.org\/{rel}","templated":true}]}}