{"id":102,"date":"2020-03-14T15:57:04","date_gmt":"2020-03-14T14:57:04","guid":{"rendered":"https:\/\/test.flohmarktboro.de\/?page_id=102"},"modified":"2026-03-19T11:53:00","modified_gmt":"2026-03-19T10:53:00","slug":"das-neue-museum-oeffnet-seine-tueren-2","status":"publish","type":"page","link":"https:\/\/www.flohmarktboro.de\/","title":{"rendered":"Herzlich Willkommen"},"content":{"rendered":"\n<h2 class=\"wp-block-heading has-text-align-center\"><\/h2>\n\n\n\n<p class=\"has-text-align-center\"><strong>Liebe Freunde der Hofflohm\u00e4rkte!<\/strong><\/p>\n\n\n\n<p class=\"has-text-align-center\"><strong>Die Termine f\u00fcr dies Jahr sind der 30.05.2026 f\u00fcr den Ortsteil Roxheim und der 19.09.2026 f\u00fcr den Ortsteil Bobenheim. <\/strong><\/p>\n\n\n\n<p class=\"has-text-align-center\"><strong>9:00 &#8211; 16:00 UHR<\/strong><\/p>\n\n\n\n<div class=\"wp-block-columns alignwide is-layout-flex wp-container-core-columns-is-layout-1 wp-block-columns-is-layout-flex\">\n<div class=\"wp-block-column is-layout-flow wp-block-column-is-layout-flow\">\n<div class=\"wp-block-group\"><div class=\"wp-block-group__inner-container is-layout-flow wp-block-group-is-layout-flow\">\n<figure class=\"wp-block-image alignfull size-large is-style-default\"><img loading=\"lazy\" decoding=\"async\" width=\"1024\" height=\"658\" src=\"https:\/\/test.flohmarktboro.de\/wp-content\/uploads\/2020\/03\/main-e1584208367955-1024x658.jpeg\" alt=\"\" class=\"wp-image-108\" srcset=\"https:\/\/www.flohmarktboro.de\/wp-content\/uploads\/2020\/03\/main-e1584208367955-1024x658.jpeg 1024w, https:\/\/www.flohmarktboro.de\/wp-content\/uploads\/2020\/03\/main-e1584208367955-300x193.jpeg 300w, https:\/\/www.flohmarktboro.de\/wp-content\/uploads\/2020\/03\/main-e1584208367955-768x493.jpeg 768w, https:\/\/www.flohmarktboro.de\/wp-content\/uploads\/2020\/03\/main-e1584208367955-1536x987.jpeg 1536w, https:\/\/www.flohmarktboro.de\/wp-content\/uploads\/2020\/03\/main-e1584208367955-1200x771.jpeg 1200w, https:\/\/www.flohmarktboro.de\/wp-content\/uploads\/2020\/03\/main-e1584208367955.jpeg 1600w\" sizes=\"auto, (max-width: 1024px) 100vw, 1024px\" \/><\/figure>\n\n\n\n<h3 class=\"wp-block-heading\" id=\"was-ist-ein-hofflohmarkt\">Was ist ein Hofflohmarkt?<\/h3>\n\n\n\n<p class=\"has-text-align-left\">Unser Ziel ist es, Bobenheim-Roxheim an diesem Tag in einen gro\u00dfen, farbenfrohen Flohmarkt zu verwandeln. Es soll Spa\u00df machen zu entdecken, zu flanieren und zu verweilen. Verschlossene T\u00fcren und Tore \u00f6ffnen sich und Menschen begegnen einander. R\u00e4umen Sie Ihre Sch\u00e4tze und Kleinoden aus Ihrem  Keller, verwandeln Sie sie in bares Geld, und haben Sie Spa\u00df dabei. Der Tag der Haus- und Hofflohm\u00e4rkte funktioniert am besten, wenn diejenigen,  die mitmachen, sich als Team begreifen. Wenn wir alle Werbung machen,  kann eine tolle Aktion daraus werden.<\/p>\n\n\n\n<p>Bei einem Haus- und Hofflohmarkt \u00f6ffnen Sie Ihren Hof, Ihre Garage oder Ihren Garten und bieten auf Ihrem Privatgrundst\u00fcck Flohmarkt-Artikel an. Es k\u00f6nnen sich auch mehrere H\u00e4user einer Nachbarschaft zusammenschlie\u00dfen und gemeinsam verkaufen.<\/p>\n<\/div><\/div>\n\n\n\n<div class=\"wp-block-group\"><div class=\"wp-block-group__inner-container is-layout-flow wp-block-group-is-layout-flow\">\n<p>Sie wollen dieses Jahr mitmachen? Sobald die Anmeldungen freigeschaltet sind melden sie sich bitte hier an: <a href=\"https:\/\/www.flohmarktboro.de\/index.php\/anmeldung\/\">Anmeldung<\/a>.<\/p>\n<\/div><\/div>\n<\/div>\n\n\n\n<div class=\"wp-block-column is-layout-flow wp-block-column-is-layout-flow\">\n<div class=\"wp-block-group\"><div class=\"wp-block-group__inner-container is-layout-flow wp-block-group-is-layout-flow\">\n<figure class=\"wp-block-image alignfull size-large\"><img loading=\"lazy\" decoding=\"async\" width=\"700\" height=\"450\" src=\"https:\/\/test.flohmarktboro.de\/wp-content\/uploads\/2020\/03\/Team01.png\" alt=\"\" class=\"wp-image-142\" srcset=\"https:\/\/www.flohmarktboro.de\/wp-content\/uploads\/2020\/03\/Team01.png 700w, https:\/\/www.flohmarktboro.de\/wp-content\/uploads\/2020\/03\/Team01-300x193.png 300w\" sizes=\"auto, (max-width: 700px) 100vw, 700px\" \/><\/figure>\n\n\n\n<h3 class=\"wp-block-heading\" id=\"wer-organisiert-das-ganze\"> Wer organisiert das Ganze?  <\/h3>\n\n\n\n<p>Das ehrenamtliche  Hofflohmarkt-Team besteht aus Manuel Wagner, Sarah Wagner  und Matthias Schindler. Wir wohnen alle in Bobenheim-Roxheim. <\/p>\n\n\n\n<ul class=\"wp-block-list\">\n<li>Wir sammeln die Anmeldungen.  <\/li>\n\n\n\n<li>Wir erstellen den Hofplan mit den Flohmarkt-Anbietern<\/li>\n\n\n\n<li>Wir machen in der Presse Werbung f\u00fcr die Aktion<\/li>\n\n\n\n<li>Wir erstellen und pflegen die Webseite.<\/li>\n\n\n\n<li>Wir kl\u00e4ren Fragen und sind Ihre Ansprechpartner. <br>Schreiben sie uns: <a href=\"mailto:orgahofflohmarktboro@web.de\">orgahofflohmarktboro@web.de<\/a><\/li>\n<\/ul>\n<\/div><\/div>\n\n\n\n<div class=\"wp-block-group\"><div class=\"wp-block-group__inner-container is-layout-flow wp-block-group-is-layout-flow\"><\/div><\/div>\n<\/div>\n<\/div>\n\n\n\n<figure class=\"wp-block-image alignwide size-large\"><img loading=\"lazy\" decoding=\"async\" width=\"683\" height=\"203\" src=\"https:\/\/test.flohmarktboro.de\/wp-content\/uploads\/2020\/03\/items-e1584201330796.jpg\" alt=\"\" class=\"wp-image-115\" srcset=\"https:\/\/www.flohmarktboro.de\/wp-content\/uploads\/2020\/03\/items-e1584201330796.jpg 683w, https:\/\/www.flohmarktboro.de\/wp-content\/uploads\/2020\/03\/items-e1584201330796-300x89.jpg 300w\" sizes=\"auto, (max-width: 683px) 100vw, 683px\" \/><\/figure>\n\n\n\n<div class=\"wp-block-group\"><div class=\"wp-block-group__inner-container is-layout-flow wp-block-group-is-layout-flow\">\n<div class=\"wp-block-columns is-layout-flex wp-container-core-columns-is-layout-2 wp-block-columns-is-layout-flex\">\n<div class=\"wp-block-column is-layout-flow wp-block-column-is-layout-flow\" style=\"flex-basis:100%\">\n<div class=\"wp-block-group alignwide\"><div class=\"wp-block-group__inner-container is-layout-flow wp-block-group-is-layout-flow\">\n<h2 class=\"wp-block-heading\">Unsere Unterst\u00fctzer*innen:<\/h2>\n<\/div><\/div>\n<\/div>\n<\/div>\n<\/div><\/div>\n\n\n\n<div class=\"wp-block-columns is-layout-flex wp-container-core-columns-is-layout-4 wp-block-columns-is-layout-flex\">\n<div class=\"wp-block-column is-layout-flow wp-block-column-is-layout-flow\"><div class=\"wp-block-image\">\n<figure class=\"aligncenter size-full is-resized\"><img loading=\"lazy\" decoding=\"async\" width=\"322\" height=\"280\" src=\"https:\/\/www.flohmarktboro.de\/wp-content\/uploads\/2023\/05\/Globus-Logo.jpg\" alt=\"\" class=\"wp-image-1441\" style=\"width:497px;height:433px\" srcset=\"https:\/\/www.flohmarktboro.de\/wp-content\/uploads\/2023\/05\/Globus-Logo.jpg 322w, https:\/\/www.flohmarktboro.de\/wp-content\/uploads\/2023\/05\/Globus-Logo-300x261.jpg 300w\" sizes=\"auto, (max-width: 322px) 100vw, 322px\" \/><\/figure><\/div>\n\n\n<div class=\"wp-block-group\"><div class=\"wp-block-group__inner-container is-layout-flow wp-block-group-is-layout-flow\">\n<div class=\"wp-block-group\"><div class=\"wp-block-group__inner-container is-layout-flow wp-block-group-is-layout-flow\">\n<div class=\"wp-block-columns are-vertically-aligned-top is-layout-flex wp-container-core-columns-is-layout-3 wp-block-columns-is-layout-flex\">\n<div class=\"wp-block-column is-vertically-aligned-top is-layout-flow wp-block-column-is-layout-flow\" style=\"flex-basis:100%\">\n<p class=\"has-text-align-center\"><a href=\"https:\/\/www.facebook.com\/GlobusSWBBobenheim\">Globus Bobenheim-Roxheim<\/a> (Facebook)<br>Druck der Hofpl\u00e4ne<\/p>\n<\/div>\n<\/div>\n<\/div><\/div>\n<\/div><\/div>\n<\/div>\n\n\n\n<div class=\"wp-block-column is-layout-flow wp-block-column-is-layout-flow\"><div class=\"wp-block-image\">\n<figure class=\"aligncenter size-large\"><img loading=\"lazy\" decoding=\"async\" width=\"1024\" height=\"529\" src=\"https:\/\/www.flohmarktboro.de\/wp-content\/uploads\/2023\/01\/IMG_8324-1024x529.jpg\" alt=\"\" class=\"wp-image-1269\" srcset=\"https:\/\/www.flohmarktboro.de\/wp-content\/uploads\/2023\/01\/IMG_8324-1024x529.jpg 1024w, https:\/\/www.flohmarktboro.de\/wp-content\/uploads\/2023\/01\/IMG_8324-300x155.jpg 300w, https:\/\/www.flohmarktboro.de\/wp-content\/uploads\/2023\/01\/IMG_8324-768x396.jpg 768w, https:\/\/www.flohmarktboro.de\/wp-content\/uploads\/2023\/01\/IMG_8324-1536x793.jpg 1536w, https:\/\/www.flohmarktboro.de\/wp-content\/uploads\/2023\/01\/IMG_8324-1140x588.jpg 1140w, https:\/\/www.flohmarktboro.de\/wp-content\/uploads\/2023\/01\/IMG_8324.jpg 2048w\" sizes=\"auto, (max-width: 1024px) 100vw, 1024px\" \/><figcaption class=\"wp-element-caption\"><a href=\"http:\/\/www.meikes.de\">Meike\u00b4s Haarmoden<\/a><\/figcaption><\/figure><\/div>\n\n\n<figure class=\"wp-block-gallery has-nested-images columns-default is-cropped wp-block-gallery-1 is-layout-flex wp-block-gallery-is-layout-flex\">\n<figure class=\"wp-block-image size-medium is-style-default\"><img loading=\"lazy\" decoding=\"async\" width=\"300\" height=\"85\" src=\"https:\/\/www.flohmarktboro.de\/wp-content\/uploads\/2022\/05\/82F16B7C-94C6-44F2-8D28-65BDBCDB0EC7_1_201_a-300x85.jpeg\" alt=\"\" class=\"wp-image-1201\" srcset=\"https:\/\/www.flohmarktboro.de\/wp-content\/uploads\/2022\/05\/82F16B7C-94C6-44F2-8D28-65BDBCDB0EC7_1_201_a-300x85.jpeg 300w, https:\/\/www.flohmarktboro.de\/wp-content\/uploads\/2022\/05\/82F16B7C-94C6-44F2-8D28-65BDBCDB0EC7_1_201_a-1024x291.jpeg 1024w, https:\/\/www.flohmarktboro.de\/wp-content\/uploads\/2022\/05\/82F16B7C-94C6-44F2-8D28-65BDBCDB0EC7_1_201_a-768x218.jpeg 768w, https:\/\/www.flohmarktboro.de\/wp-content\/uploads\/2022\/05\/82F16B7C-94C6-44F2-8D28-65BDBCDB0EC7_1_201_a-1536x436.jpeg 1536w, https:\/\/www.flohmarktboro.de\/wp-content\/uploads\/2022\/05\/82F16B7C-94C6-44F2-8D28-65BDBCDB0EC7_1_201_a-2048x581.jpeg 2048w, https:\/\/www.flohmarktboro.de\/wp-content\/uploads\/2022\/05\/82F16B7C-94C6-44F2-8D28-65BDBCDB0EC7_1_201_a-1140x324.jpeg 1140w\" sizes=\"auto, (max-width: 300px) 100vw, 300px\" \/><\/figure>\n<figcaption class=\"blocks-gallery-caption wp-element-caption\">06239 \/ 3003<\/figcaption><\/figure>\n<\/div>\n<\/div>\n\n\n\n<p><\/p>\n","protected":false},"excerpt":{"rendered":"<p>Liebe Freunde der Hofflohm\u00e4rkte! Die Termine f\u00fcr dies Jahr sind der 30.05.2026 f\u00fcr den Ortsteil Roxheim und der 19.09.2026 f\u00fcr den Ortsteil Bobenheim. 9:00 &#8211; 16:00 UHR Was ist ein Hofflohmarkt? Unser Ziel ist es, Bobenheim-Roxheim an diesem Tag in einen gro\u00dfen, farbenfrohen Flohmarkt zu verwandeln. Es soll Spa\u00df machen zu entdecken, zu flanieren und zu verweilen. Verschlossene T\u00fcren und Tore \u00f6ffnen sich und Menschen begegnen einander. R\u00e4umen Sie Ihre Sch\u00e4tze und Kleinoden aus Ihrem Keller, verwandeln Sie sie in bares Geld, und haben Sie Spa\u00df dabei. Der Tag der Haus- und Hofflohm\u00e4rkte funktioniert am besten, wenn diejenigen, die mitmachen, sich als Team begreifen. Wenn wir alle Werbung machen, kann eine tolle Aktion daraus werden. Bei einem Haus- und Hofflohmarkt \u00f6ffnen Sie Ihren Hof, Ihre Garage oder Ihren Garten und bieten auf Ihrem Privatgrundst\u00fcck Flohmarkt-Artikel an. Es k\u00f6nnen sich auch mehrere H\u00e4user einer Nachbarschaft zusammenschlie\u00dfen und gemeinsam verkaufen. Sie wollen dieses Jahr mitmachen? Sobald die Anmeldungen freigeschaltet sind melden sie sich bitte hier an: Anmeldung. Wer organisiert das Ganze? Das ehrenamtliche Hofflohmarkt-Team besteht aus Manuel Wagner, Sarah Wagner und Matthias Schindler. Wir wohnen alle in Bobenheim-Roxheim. Unsere Unterst\u00fctzer*innen: Globus Bobenheim-Roxheim (Facebook)Druck der Hofpl\u00e4ne<\/p>\n","protected":false},"author":1,"featured_media":0,"parent":0,"menu_order":0,"comment_status":"closed","ping_status":"closed","template":"","meta":{"footnotes":""},"class_list":["post-102","page","type-page","status-publish","hentry"],"_links":{"self":[{"href":"https:\/\/www.flohmarktboro.de\/index.php\/wp-json\/wp\/v2\/pages\/102","targetHints":{"allow":["GET"]}}],"collection":[{"href":"https:\/\/www.flohmarktboro.de\/index.php\/wp-json\/wp\/v2\/pages"}],"about":[{"href":"https:\/\/www.flohmarktboro.de\/index.php\/wp-json\/wp\/v2\/types\/page"}],"author":[{"embeddable":true,"href":"https:\/\/www.flohmarktboro.de\/index.php\/wp-json\/wp\/v2\/users\/1"}],"replies":[{"embeddable":true,"href":"https:\/\/www.flohmarktboro.de\/index.php\/wp-json\/wp\/v2\/comments?post=102"}],"version-history":[{"count":154,"href":"https:\/\/www.flohmarktboro.de\/index.php\/wp-json\/wp\/v2\/pages\/102\/revisions"}],"predecessor-version":[{"id":1816,"href":"https:\/\/www.flohmarktboro.de\/index.php\/wp-json\/wp\/v2\/pages\/102\/revisions\/1816"}],"wp:attachment":[{"href":"https:\/\/www.flohmarktboro.de\/index.php\/wp-json\/wp\/v2\/media?parent=102"}],"curies":[{"name":"wp","href":"https:\/\/api.w.org\/{rel}","templated":true}]}}